61
In base 11, what is 78 + -2?
76
In base 2, what is 101 + -11011?
-10110
In base 6, what is 105 - -12?
121
In base 16, what is -1 - -9d?
9c
In base 11, what is -30 + -51?
-81
In base 8, what is 3 - -1646?
1651
In base 5, what is 0 - -20?
20
In base 14, what is 6d - -4?
73
In base 9, what is -12 - 85?
-107
In base 12, what is -18 + a?
-a
In base 2, what is -11001101 - -1?
-11001100
In base 16, what is 2 - 7dd?
-7db
In base 3, what is -22 - -12021?
11222
In base 10, what is -2 + 0?
-2
In base 5, what is 144041 - -4?
144100
In base 14, what is -6 - 43?
-49
In base 6, what is 10105 - 2?
10103
In base 4, what is -133 + 111?
-22
In base 12, what is 1 + 157?
158
In base 7, what is 25561 - 5?
25553
In base 9, what is -12 - 184?
-206
In base 14, what is 6d + -2?
6b
In base 5, what is 14 - 131?
-112
In base 7, what is -4 + 261?
254
In base 7, what is -261 + 60?
-201
In base 12, what is 3b + -2?
39
In base 16, what is 1a6f - -4?
1a73
In base 11, what is 522 - 0?
522
In base 13, what is 518 + 2?
51a
In base 3, what is 0 + 1202?
1202
In base 3, what is 12 + -2102121?
-2102102
In base 8, what is -36 + 6?
-30
In base 4, what is 11 - 101102?
-101031
In base 9, what is 545 - -3?
548
In base 15, what is 112 - -4?
116
In base 12, what is 12 - 68?
-56
In base 7, what is -612 - -2?
-610
In base 14, what is -2d2 + -b?
-2dd
In base 6, what is -54 - 2?
-100
In base 10, what is 307 + -36?
271
In base 11, what is -10 + 126?
116
In base 16, what is 1ac + 5?
1b1
In base 12, what is -85 + -14?
-99
In base 12, what is 6 - -a?
14
In base 5, what is 3 - 204?
-201
In base 13, what is 40 + -7?
36
In base 5, what is 12211 - -2?
12213
In base 9, what is 2 + -3106?
-3104
In base 9, what is 3 + -7000?
-6886
In base 6, what is -4 - -111?
103
In base 10, what is -12 + 11?
-1
In base 15, what is 43 - -5?
48
In base 12, what is -49 + 7?
-42
In base 8, what is 11 + 4?
15
In base 4, what is -3001 - 1?
-3002
In base 16, what is -a9 - -7?
-a2
In base 13, what is 28 + -1c?
9
In base 6, what is 214 - -5?
223
In base 12, what is 18 + 8?
24
In base 10, what is -14 - 249?
-263
In base 4, what is 1113 + 13?
1132
In base 3, what is 20211 + 202?
21120
In base 14, what is 5 + -5c?
-57
In base 7, what is -34 - -666?
632
In base 11, what is -96 - -4?
-92
In base 6, what is -11 + -4341?
-4352
In base 2, what is 11111 - -11110000?
100001111
In base 7, what is -2 + 102?
100
In base 4, what is -312 - 10?
-322
In base 5, what is -1 - -123310?
123304
In base 11, what is 102 - -15?
117
In base 10, what is -56 - 1?
-57
In base 5, what is -110241 + -10?
-110301
In base 6, what is -331 - 3?
-334
In base 3, what is 10121 - -20?
10211
In base 5, what is -1 + 2?
1
In base 6, what is 53 + 1?
54
In base 7, what is -33045 + 5?
-33040
In base 14, what is 63 + -1?
62
In base 14, what is 36 - -3?
39
In base 2, what is 1 - 100111?
-100110
In base 12, what is -10 - 103?
-113
In base 3, what is 102 + -2010?
-1201
In base 6, what is -4 + -524?
-532
In base 8, what is 5 - 6?
-1
In base 13, what is -13 + -c?
-22
In base 2, what is 1 + -101000000?
-100111111
In base 6, what is 24 - 421?
-353
In base 9, what is 101 - 440?
-338
In base 16, what is -3 - -132?
12f
In base 15, what is -24 - -1?
-23
In base 3, what is 11 - 100?
-12
In base 6, what is -35 - 1215?
-1254
In base 7, what is -603 - 3?
-606
In base 4, what is -3 - 201?
-210
In base 11, what is -129 - 25?
-153
In base 16, what is 1d + -3c?
-1f
In base 5, what is 12 + -3?
4
In base 3, what is -12 - -2010012?
2010000
In base 6, what is 1251 + 4?
1255
In base 6, what is 5 - 203?
-154
In base 5, what is -3 + 11?
3
In base 14, what is 8 - -a?
14
In base 15, what is -3e + -1?
-40
In base 7, what is -1006 + -1?
-1010
In base 3, what is 22 - -211012?
211111
In base 4, what is 1 - 223?
-222
In base 4, what is 10 + -1001?
-331
In base 14, what is 1 + -2d1?
-2d0
In base 11, what is -9 + -54?
-62
In base 15, what is -35e7 + -1?
-35e8
In base 12, what is 418 - 3?
415
In base 8, what is -4 + 12?
6
In base 6, what is 30001 - -5?
30010
In base 7, what is 313 + 5?
321
In base 2, what is -1101 + 100001101?
100000000
In base 11, what is 0 + 1?
1
In base 13, what is -5 - 187?
-18c
In base 7, what is 1 + 4554?
4555
In base 12, what is 0 + -23?
-23
In base 13, what is -2 - 19?
-1b
In base 16, what is -2 - 93?
-95
In base 9, what is -6715 - -2?
-6713
In base 5, what is 14 + -43?
-24
In base 7, what is 1 + -11?
-10
In base 13, what is -1 + -8a8?
-8a9
In base 8, what is -1 + 2452?
2451
In base 3, what is -1122 - 10120?
-12012
In base 9, what is -6 + 30?
23
In base 13, what is 11 - -10?
21
In base 6, what is 103 - -130?
233
In base 15, what is -228 - 2?
-22a
In base 2, what is 110110010 + 101011?
111011101
In base 4, what is 2231 - -10?
2301
In base 8, what is 15 - -211?
226
In base 15, what is -3 + de?
db
In base 13, what is -3b9 + c?
-3aa
In base 5, what is 2 - 10320?
-10313
In base 10, what is -195 - -4?
-191
In base 9, what is 33 - 42?
-8
In base 8, what is 1 - 1473?
-1472
In base 2, what is -11101101 - 10000?
-11111101
In base 5, what is 1 - -313?
314
In base 9, what is 4 + -4?
0
In base 13, what is -27 + -17?
-41
In base 12, what is 1119 + -2?
1117
In base 2, what is -11011 - -10111?
-100
In base 9, what is 164 - -4?
168
In base 5, what is -1030 + 0?
-1030
In base 9, what is 2563 + 1?
2564
In base 6, what is -3 + 33413?
33410
In base 14, what is 76a - -4?
770
In base 9, what is 434 - 34?
400
In base 10, what is -8579 - -2?
-8577
In base 6, what is 1 - 135?
-134
In base 3, what is -11100 + -11?
-11111
In base 9, what is 10 - -127?
137
In base 6, what is -1000 + 23?
-533
In base 8, what is 2 + 36?
40
In base 3, what is 12 - 1212?
-1200
In base 15, what is -6a + -17?
-82
In base 10, what is -644 - 4?
-648
In base 7, what is -60 - 26?
-116
In base 4, what is 200022 + -10?
200012
In base 5, what is 1201 - -4?
1210
In base 12, what is 3 + -20?
-19
In base 8, what is -12345 + -2?
-12347
In base 14, what is 81 - 75?
a
In base 14, what is 51 - 0?
51
In base 3, what is 2210 - -1?
2211
In base 11, what is -332 - 14?
-346
In base 16, what is 2fe - 1?
2fd
In base 12, what is 3 + -b?
-8
In base 10, what is -11792 - -1?
-11791
In base 7, what is -6 - -50?
41
In base 6, what is -10203 + -4?
-10211
In base 9, what is 33 - -2?
35
In base 13, what is 41 - 1b8?
-177
In base 15, what is 2d - -5?
33
In base 9, what is 1 - -4071?
4072
In base 9, what is 3 - -10?
13
In base 12, what is 2 - -84?
86
In base 14, what is 7c + -16?
66
In base 12, what is 5 - 572?
-569
In base 3, what is -2000 - 1?
-2001
In base 7, what is -2551 + 1?
-2550
In base 13, what is 41 + -5?
39
In base 10, what is 5 - -273?
278
In base 9, what is -337 - 30?
-367
In base 16, what is 5 + -52?
-4d
In base 11, what is 632 - 5?
628
In base 8, what is 420 - -4?
424
In base 2, what is -11110 + 1000111001?
1000011011
In base 9, what is -44 - 1?
-45
In base 7, what is -13346 + 0?
-13346
In base 10, what is -5 - 41?
-46
In base 16, what is -18a9 - 3?
-18ac
In base 14, what is dc - b?
d1
In base 4, what is 3020001 - 2?
3013333
In base 2, what is -11000 + -110?
-11110
In base 13, what is 3 - -1191?
1194
In base 12, what is -a7 + -38?
-123
In base 6, what is 0 + 34?
34
In base 9, what is -3 + -22?
-25
In base 10, what is -1407 + 4?
-1403
In base 2, what is -1101110 + 10000?
-1011110
In base 9, what is 1348 + 5?
1354
In base 2, what is -10 + -11101011?
-11101101
In base 5, what is -2 + -20003?
-20010
In base 13, what is -4 + -281?
-285
In base 15, what is c5 - -5?
ca
In base 5, what is 12040 - 14?
12021
In base 8, what is 1162 + 4?
1166
In base 7, what is -21 + -204?
-225
In base 13, what is -5 - -76?
71
In base 13, what is -1 - 12?
-13
In base 16, what is 2 + 725?
727
In base 8, what is 5 - -100?
105
In base 12, what is -314 + 6?
-30a
In base 2, what is 10001 + 1110100111?
1110111000
In base 4, what is 12 + 20313?
20331
In base 4, what is -111 - 31?
-202
In base 11, what is 2 - 114?
-112
In base 16, what is 20 - 3?
1d
In base 7, what is -12112 + -1?
-12113
In base 11, what is 2 + 105?
107
In base 7, what is -1 + 11?
10
In base 13, what is 1 + 96?
97
In base 6, what is -15 + -30?
-45
In base 12, what is 7 + 740?
747
In base 5, what is -4 - 4?
-13
In base 9, what is -7345 - 5?
-7351
In base 12, what is -1a09 + -3?
-1a10
In base 9, what is -164 + -8?
-